sor of j and i?
49
Suppose -359 = 9*p - 1268. Suppose q + p = -34. Let g = q + 199. What is the greatest common divisor of g and 16?
16
Let a(p) = -4*p**2 - 386*p - 1647. Let r be a(-92). Let y = 3 + -2. Calculate the greatest common divisor of r and y.
1
Let n be 4/10 - 144/(-90). Suppose 3*f + f = d - 115, n*d + 3*f - 285 = 0. Calculate the highest common factor of d and 10.
5
Let z = 3173 + -3172. What is the highest common divisor of z and 128?
1
Suppose -435*d + 416*d = -1026. Calculate the highest common divisor of d and 2781.
27
Let m be (-48)/864 + 50077/18. What is the highest common factor of m and 642?
214
Let h be (-2 + -19)/(40/920). Let o = h + 659. What is the greatest common divisor of 22 and o?
22
Let g be (-182)/(-62) - 8/(-124). Suppose 9 = -3*n, 4*i - 6*n - 249 = -g*n. What is the highest common factor of 80 and i?
20
Let q(u) = 14*u - 6. Suppose -4*g + 76 = 5*l, 6 = g + 2. Let s be q(l). Let r be 20/3*s/12. What is the greatest common factor of r and 36?
18
Suppose -3*r + 867 = -3*w, r - 10 = -7. Let t = w - -528. Calculate the greatest common factor of t and 44.
22
Let y(v) be the third derivative of -v**4/4 + 89*v**3/3 - 60*v**2. Let z be y(22). What is the greatest common divisor of z and 368?
46
Let t = -340 + 346. Suppose 131 = 4*c - d, -4*c - 2*d = -t*d - 140. Let f = 8 - 4. Calculate the greatest common divisor of c and f.
4
Let z = -2192 - -4286. Calculate the greatest common factor of 6 and z.
6
Let y = -14571 + 14671. Calculate the highest common divisor of y and 1925.
25
Let l = -13068 + 13165. What is the highest common factor of l and 11446?
97
Let v = -50 - -68. Suppose -m = 2*m + 12, 333 = 5*d - 2*m. Let o = d - -133. What is the greatest common divisor of v and o?
18
Let n be 3/6 + 2/(-4). Let z = 74 - 14. Suppose n = 3*y + 2*s - 44, z = 2*y + 2*y + 3*s. Calculate the highest common factor of y and 192.
12
Suppose -2*l = 3*l - 630. Suppose -8*x = -9*x + l. Suppose -138*b = -141*b + x. What is the highest common factor of 6 and b?
6
Suppose 4*t - 99 = 45. Let x = 55 + -39. Suppose -7*n = -3*n - x. What is the highest common factor of n and t?
4
Let o(j) = -11 - j**3 + 360*j + 62*j**3 - 350*j + 43*j**3 + j**2. Let k be o(1). Let g be 13 + (1 - 0) + -1. What is the greatest common factor of g and k?
13
Let i be -1 + (4 - 18) + 10/(-2). Let n be 39/2 - (-4 - i/8). Suppose -2*d = 3*d - 35. Calculate the greatest common factor of n and d.
7
Suppose 4*j + 280 = 2*b, 0 = -53*b + 52*b + 3*j + 138. What is the highest common factor of b and 720?
144
Let d be (5 - (-6)/(-3)) + (-10089)/(-59). What is the highest common factor of 3306 and d?
174
Let v = 53 + -44. Suppose 0 = v*o - 703 + 100. What is the greatest common factor of o and 201?
67
Let v(q) = -q**3 + 14*q**2 - 13*q + 10. Let c be v(13). Suppose 1239 - 291 = 6*j. Let u = j - 48. Calculate the highest common divisor of c and u.
10
Suppose o - 36*j = -38*j + 1198, -5*o + j = -6056. What is the highest common factor of 220 and o?
110
Suppose 30*z - 436 - 2144 = 0. What is the highest common divisor of z and 18?
2
Let d be 17214/855 + 1/(-15)*2. Calculate the greatest common divisor of 1300 and d.
20
Suppose -56 = -11*w + 4*w. Let l = 5299 + -3619. Suppose 3*n = w*n - l. What is the greatest common divisor of n and 42?
42
Let z be (2/6)/(1/57). Let j be -433 - 120 - -1*1. Let h = -457 - j. What is the greatest common divisor of z and h?
19
Let y(p) = 219*p - 4591. Let s be y(21). Calculate the greatest common divisor of s and 3208.
8
Suppose 33*a - 2*h - 244 = 30*a, -3*a - 5*h + 272 = 0. Calculate the greatest common factor of a and 1308.
12
Let u be 14/(-6) - (-12)/234*-13. Let f be 1 + (10 - -6) + u. Let g(a) = 3*a**3 - 5*a**2 + 5*a - 6. Let d be g(4). What is the highest common factor of d and f?
14
Suppose 2 = 3*n - 52. Suppose b - n*b = -1326. What is the greatest common factor of b and 6?
6
Let m(y) = -y**3 + 2*y**2 - y + 2. Let f = -38 - -38. Let t be m(f). Calculate the greatest common divisor of 8 and t.
2
Let t be ((-3)/(-2))/(2/4). Suppose 4*p - 116 = -4*d, -d - 2*d + 105 = -t*p. Let f = -2298 - -2306. What is the greatest common divisor of d and f?
8
Let n be (13/2 + -6)*10. What is the greatest common factor of 430 and n?
5
Suppose 0 = o - 30*f + 31*f - 39, 3*f - 74 = -2*o. Calculate the highest common divisor of 172 and o.
43
Suppose 0 = x - 10 + 9. Let i be -156*(x/4)/(9/18). Let f be (-4)/1 - (i - -10). What is the greatest common factor of 16 and f?
16
Let n = 288 - 270. Let k = n + 122. Calculate the greatest common divisor of k and 10.
10
Suppose d + 2 = 3*s, d = 6*d - 3*s - 26. Suppose -d = -4*i + 5. Calculate the highest common factor of i and 2.
1
Let t be (-1 - (1 - 8)) + 257 + -271 + 29. Suppose 0 = -3*u + 2*u + 3. What is the highest common divisor of t and u?
3
Let c be (-2)/(-4) - (-239)/2. Suppose 0 = 317*o - 289*o - 560. Let y be (c/(-75))/((-2)/o). What is the greatest common divisor of 4 and y?
4
Let w(o) = -o**3 + 5*o**2 - 3*o + 31. Let b be w(-13). Calculate the highest common factor of 8 and b.
8
Let u be -5*2/(-5)*2. Suppose -4*o - 4*q = 0, 0 = u*o + 7*q - 4*q + 2. Let c be (-26)/o*(4 + -1 + -2). What is the greatest common divisor of 208 and c?
13
Let m be (-248)/(-5) - 12/(-30). Suppose -4*c = 2 - m. Suppose -6 = -c*o + 6*o. What is the greatest common factor of 9 and o?
1
Let t = 40 - 44. Let d(p) = -p**2 + 23*p - 6. Let z be d(17). Let o = z - t. What is the highest common divisor of o and 20?
20
Let d(c) = c**3 - 62*c**2 + 642*c + 35. Let l be d(49). What is the highest common factor of 1270 and l?
10
Let c = -2253 - -10395. What is the greatest common divisor of 69 and c?
69
Suppose -c + 894 = h, -67*h + 69*h - 1800 = 4*c. Calculate the highest common divisor of h and 280.
56
Let k(r) = r**3 + 11*r**2 - 5*r - 42. Let t be k(-8). Suppose t + 245 = 15*g. What is the greatest common factor of 58 and g?
29
Let s(o) = o + 5 + 3 + 4. Let m be s(-10). Suppose -5*f = m*h - 106, 4*h = -f + h + 29. What is the highest common divisor of f and 5?
5
Suppose b + 4*s - 12 = 0, 2*s = -0*s + 6. Suppose -5*r + b*h = 2*h - 75, 5*r + 5*h = 75. Suppose -r = -7*k + 97. Calculate the highest common factor of 8 and k.
8
Let g be (-507)/65 + (-1 + 3)/(-10). Let w be (g/(-10))/(1*3/30). What is the greatest common factor of 168 and w?
8
Let w = 83 - 75. Let n = -66 + 73. Suppose 0 = -5*s + 13 + n. Calculate the highest common factor of s and w.
4
Let w(j) = 34*j - 17. Let d be w(6). Suppose -1195 + d = -12*z. Calculate the greatest common factor of z and 56.
28
Let v(o) = 23*o**3 - o. Let l = -178 + 179. Let n be v(l). Calculate the greatest common factor of 77 and n.
11
Let b be -2 + (-13)/(-5) - (-222)/5. Suppose 5*q + 12 + 3 = 0. Let l be (9 - 3)/q + 17. What is the highest common factor of b and l?
15
Let s be ((-27360)/(-126))/((-4)/(-14)). Let d = 239 + s. What is the greatest common divisor of d and 222?
111
Let b = 4549 - 3667. Calculate the greatest common divisor of 378 and b.
126
Let r be (-15)/18 + 6555798/756 - 12/14. What is the highest common factor of r and 68?
34
Let l = -378 + 381. Let g be 11/(6 - (-32)/(-12) - l). Calculate the highest common divisor of g and 44.
11
Suppose -h + 1 - 4 = 0. Let w be h/(1 - (-86)/(-80)). Let k = 90397 - 90373. Calculate the highest common factor of w and k.
8
Suppose 22*w + 93 = 25*w. Suppose 46*g - 120 = w*g. Calculate the highest common factor of g and 232.
8
Let l be (3 + (-456)/40)/(12/(-1230)). Calculate the highest common divisor of 14 and l.
7
Suppose 161*p - 184*p = -276. Suppose -j - 2*j = -15. Suppose -j*c - 3*u + 12 = 0, 5*u + 2 + 6 = c. Calculate the greatest common divisor of c and p.
3
Let m be ((6280/(-16))/(3/6))/(-1) - -7. Calculate the highest common factor of 6072 and m.
264
Let k be 139 - (1 + (0 - 2)). Let b be 24/180 + (-43)/(-15). Suppose -45 = b*t - 129. What is the greatest common factor of t and k?
28
Let l be (-16)/2 - (-1)/(-3)*12. Let o be l - -25 - (-4)/1. Suppose 0 = -4*x + o + 11. Calculate the greatest common divisor of 7 and x.
7
Let k(c) = c**3 - 3*c - 2. Let h be k(-1). Suppose 4*w + 4*l = h, 5*l = 4*w + 4*l - 20. What is the greatest common factor of 7 and w?
1
Let o(j) = -4*j - 123. Let m be o(-7). Let w = m - -107. What is the highest common factor of w 